+ 3*b - j = 0, -4*b = -2*u - b + 23. What is the units digit of u?
7
Suppose b - 3*m = 4, 2*b + 5*m = 9 - 1. Suppose 0*g = 4*g - b. What is the units digit of g?
1
Let v be 10/14 - 4/(-14). Suppose -2*n - v = -9. Suppose 0 = n*y + d - 15, 30 = -y + 2*y - 5*d. What is the units digit of y?
5
Suppose 4*m + 0 - 4 = w, 2*w = m - 1. What is the units digit of (1 - w)/2*24?
2
Let a(i) = -7 + 3*i**2 - i + i**2 + 31 - 5*i**2. What is the units digit of a(0)?
4
Suppose 0 = c + 4*a - 253, 4*a + 0*a = 12. What is the hundreds digit of c?
2
Suppose 0*r + 76 = 4*r. Suppose -1 = -5*s + r. What is the units digit of s?
4
Suppose 5*w - 4*w + 25 = 0. What is the units digit of ((-10)/w)/((-1)/(-20))?
8
Let w(c) = c**2 + 4 - 4*c + 0*c**2 + 2. Let t(y) = 2*y**2 - 4*y + 5. Let h(d) = 2*t(d) - 3*w(d). What is the tens digit of h(-7)?
1
Let v(j) = -5*j. Let b be (-4 + 3)*(0 - 1). Let d be v(b). Let q(r) = -r**2 - 7*r - 2. What is the units digit of q(d)?
8
Let p be 8/5*30/12. Let m be 4/(-2) - (-9 + p). Suppose 2*a - 15 = -m. What is the units digit of a?
6
Let k(h) = 3*h**2 - 11*h - 8. Let b(n) = 2*n**2 - 10*n - 7. Let l(g) = 4*b(g) - 3*k(g). What is the units digit of l(-6)?
2
Let r(o) = -o**2 - 5*o + 7. Let j be r(-6). Let n(c) = 21*c**3. What is the tens digit of n(j)?
2
Let d(z) = -5*z**3 + 7*z**2 + 21*z + 4. Let n(u) = -2*u**3 + 4*u**2 + 10*u + 2. Let t(v) = 3*d(v) - 7*n(v). What is the units digit of t(-6)?
4
Suppose -i = -3*p, -3*i + 2*p - p = -16. Suppose -x - 2*x = i. What is the tens digit of ((-1)/x)/(3/84)?
1
Suppose -q = -6*q + 600. Let v = q + -206. What is the units digit of v/(-10) - (-14)/35?
9
Let n(v) = -v**3 + 5*v**2 - 3*v - 4. Let w be n(3). Suppose w*f - 12 = 28. What is the units digit of f?
8
Suppose 0 = -2*v + 10, 2*v = x - 2 - 8. Suppose 2*s - 50 = x. What is the units digit of s?
5
Suppose -a = -2*a + 5. Suppose -w = -a*w + 116. What is the tens digit of w?
2
Let h be ((-100)/12)/(2/6). Let z = 10 - h. What is the units digit of z?
5
Let j(d) = -9*d + 13. What is the tens digit of j(-8)?
8
Let i(v) = v**3 - 2*v**2 - 2*v + 3. Let m be i(3). What is the units digit of (1 - -1)*27/m?
9
Suppose -11 = -2*t + 13. What is the units digit of 0 + t - (4 - 2)?
0
Suppose 107*n - 480 = 102*n. What is the tens digit of n?
9
Let i(p) be the third derivative of -p**6/120 - p**5/15 + p**4/24 + 5*p**3/6 - 2*p**2. What is the units digit of i(-5)?
5
What is the tens digit of (-93)/(-2) - 6/12?
4
Let h = -48 - 81. What is the units digit of h/(-15) - (-6)/(-10)?
8
Let j be (-4 - -2) + -1 - 5. Let f(v) = -v**3 - 6*v**2 - v + 7. Let n be f(-5). Let o = j - n. What is the units digit of o?
5
Suppose 6 = i + 7. What is the units digit of (i/(-2))/((-6)/(-24))?
2
Suppose -4*d + 18 = 10. Suppose 22 = 5*w - 2*a + 72, -4*a = 4*w + 12. What is the units digit of (6/w)/(d/(-16))?
6
Let y(z) = z**2 + 4*z - 1. Let x be y(-5). Suppose x*f + 112 - 24 = 0. What is the units digit of 2/11 - 18/f?
1
Let w be (-1 + -1)*1624/(-16). Suppose 4*p - 53 - w = 0. Suppose 4*d - p = -5*z, 3*d - 3*z - 36 = 12. What is the tens digit of d?
1
Let g(i) = 2*i + 6. Let l be g(-12). What is the units digit of 4/l + (-22)/(-18)?
1
What is the units digit of (-1)/5 + 7272/60?
1
Suppose 56 + 8 = 2*d. What is the tens digit of d?
3
Let k be 18/1*8/6. Let l(x) = -2*x + 1. Let o be l(8). Let d = k + o. What is the units digit of d?
9
Let j(x) = x**3 - 4*x**2 + 10*x - 15. What is the tens digit of j(7)?
0
Let m(a) = 2*a - 2. Let s be m(4). Suppose b - u = 2*u + 3, -2*b - 2*u = -s. Suppose 0 = 4*h - 5*j + j, -j + b = 2*h. What is the units digit of h?
1
Let n be ((-32)/(-12))/((-4)/(-6)). Suppose n*b + 5*c = 69, 5*c = -b - 0*b + 36. Let g = b - 8. What is the units digit of g?
3
Suppose -4*t + 2*j = 4, t + 19 = -4*t - j. Let n = t + 4. Let l(y) = 15*y**2. What is the tens digit of l(n)?
1
Let h(l) be the third derivative of l**4/6 + l**3/6 - 3*l**2. Let u be h(1). Suppose -4*r = 4*k - 29 + u, 4*r - 2*k - 36 = 0. What is the units digit of r?
8
Let m(f) = f**2 + f + 1. Let a(n) = -5*n**2 - 3*n + 1. Let y(s) = a(s) + 4*m(s). Let g be y(0). Suppose -i = -0*i - g. What is the units digit of i?
5
Let x = 15 + 12. What is the tens digit of x?
2
Suppose 5*u - z = 3*z + 221, -3*z + 3 = 0. What is the units digit of u?
5
Let n be (77 - 2) + (-5 - -6). Let o = n + -50. What is the tens digit of o?
2
Let q = 1 + 14. What is the units digit of q?
5
Suppose u - 3 - 15 = 0. What is the tens digit of u?
1
Let m(v) = -v**2 - 3*v - 2. Let a be m(-2). Suppose 2*j + 9 = f + j, a = -f + 2*j + 14. What is the units digit of f?
4
Let a = 13 + 2. Let w be (-1 + (-3)/a)*-30. Suppose 4*q = -3*n + q + w, -3*n = -5*q - 20. What is the units digit of n?
0
Suppose -2*k = 109 - 317. Suppose -a + 5*a - k = 0. Suppose 2*t + 6 = a. What is the tens digit of t?
1
Let c(z) = -2*z - 3 + 4*z + 2*z + 0. Let g be c(2). Suppose -l - 6 = -d, 2*l - 12 = -g*d + 11. What is the units digit of d?
5
What is the units digit of (33/(-12))/((-2)/40)?
5
Suppose 2*i + 10 = -2*t - 0*i, 5*i = -4*t - 20. Let j = 3 + t. What is the units digit of -1*(-4 + 1 - j)?
1
Let g be (-228)/18 + (-1)/3. Let l = -6 - g. What is the units digit of l?
7
Let m = -8 + 11. Suppose -m*t + 5*t = 38. Suppose b - 2*n = 4*b - 16, 0 = 4*b + 5*n - t. What is the units digit of b?
6
Suppose 2*z - 4 = -20. Let m(k) = -2*k - 11. What is the units digit of m(z)?
5
Let h = 6 - 3. Suppose 22 = h*l + 5*z, -3*z - 16 = -2*l - 5*z. What is the units digit of l?
9
Let g(y) = -10*y**3 + 5*y**2 - 2*y - 3. Let z(v) = 20*v**3 - 11*v**2 + 5*v + 7. Let i(w) = 9*g(w) + 4*z(w). What is the units digit of i(-1)?
0
Let u = 1 + 4. Suppose -5*b - 5*n = 20, u*b - 2*b - 5*n = 28. What is the units digit of b?
1
Let q(u) = -u + 5. Let f be ((-18)/(-15))/(2/(-10)). What is the units digit of q(f)?
1
Suppose w - 16 = -3*w. Suppose 20 = z + d, 4*z + z = w*d + 73. Let s = z + -8. What is the units digit of s?
9
Let c = 73 + -32. What is the units digit of c?
1
Let j be -1*2 + 1 + -4. Let i(c) = c**2 + 3*c + 4. What is the tens digit of i(j)?
1
Let a(m) = -35*m - 10. What is the units digit of a(-5)?
5
Suppose 25 = 3*x - 29. Let w = -15 - -22. Suppose w = 5*t - x. What is the units digit of t?
5
Suppose 38 = -j - r + 139, -r + 2 = 0. Suppose 3 = -t + 7. Suppose -t*a + 4*c = -20, 4*a = -3*c + j - 44. What is the tens digit of a?
1
Let w(m) = m**2 - 4*m. Let a be w(4). Suppose -5*c = 5*k - 15, -4*c + 4*k + 1 + 3 = a. Suppose 2*g + c*g - 16 = 0. What is the units digit of g?
4
Suppose 3*z - 3 = 2*d, -4*d + 8*d - 4*z = 0. Suppose -d*i = 2*i - 90. What is the units digit of i?
8
Let u(c) = c**2 + 8*c - 9. What is the tens digit of u(5)?
5
Suppose 4*y + 5*a + 2 = 0, -5*y + 2*a + 10 = -4. Suppose 1 = c + y, -5*t + 40 = -5*c. What is the units digit of t?
7
Let h(l) = l**2 - 4*l - 5. Let n be h(6). Let j = n - 5. Suppose 6*k - k = a - 26, j*a - 3*k = 24. What is the units digit of a?
6
Suppose -4*w = -w - 3. What is the units digit of w?
1
What is the units digit of 8/(-6)*9/(-1)?
2
Let o(n) = 2*n**2 - 7*n + 6. Let y be o(5). Let f be (y/14)/(3/(-20)). Let b = f + 14. What is the units digit of b?
4
Let y = 6 - 3. Suppose 5 + 19 = y*u. Suppose -v + u = -0*v. What is the units digit of v?
8
Suppose 0 = 4*q - 4*d - 76, 3*q + 3*d + 0*d - 81 = 0. What is the units digit of q?
3
Let h be (2 - 1) + (-2 - 0). Let x(p) = -33*p**3 - 2*p**2 - 2*p - 1. What is the units digit of x(h)?
2
Let d = -3 - -5. Suppose 6 = 2*w + 4*l, w + 3*w + d*l - 36 = 0. What is the units digit of w?
1
Let w(p) = -p**3 - p**2 + 2*p + 140. What is the hundreds digit of w(0)?
1
Let z = 13 - 13. Suppose z = 5*m - 2*m - 3. What is the units digit of m?
1
Suppose -3*p = -p - 36. Let w be ((-81)/p)/((-1)/(-2)). What is the units digit of 6/w + 176/12?
4
Suppose m = -3*m - 24. Let b(c) = c**2 + 3*c. What is the tens digit of b(m)?
1
Let u be -2 + (0 - 0 - -7). Suppose -o + 14 = u*g, 2*o - 5*g = -0*o - 2. Suppose 5*l - 57 = -2*d - 21, 3*d + 15 = o*l. What is the units digit of l?
6
Suppose -222 = -3*k + 10*q - 7*q, 2*k - q - 143 = 0. What is the units digit of k?
9
Let v(c) = 22*c**3 - c**2 + c - 1. Let l be v(1). Suppose 0 = -5*n + l + 39. What is the units digit of n?
2
Suppose 0 = -21*p + 25*p - 268. What is the units digit of p?
7
Let p(x) = 5